me?
True
Is 426383 a prime number?
True
Is 1252451 composite?
False
Is 101069 composite?
True
Is 13649 a prime number?
True
Is 162989 a composite number?
False
Is 174547 a prime number?
False
Is 4899803 composite?
False
Is 13378 composite?
True
Is 85511 prime?
False
Is 83537 composite?
False
Is 15893 a composite number?
True
Is 24693 a composite number?
True
Is 14863 composite?
True
Is 5939 a prime number?
True
Is 97211 prime?
False
Is 4727 a composite number?
True
Is 491269 a composite number?
True
Is 7631 a prime number?
False
Is 2039 a prime number?
True
Is 1524803 prime?
False
Is 10577 composite?
True
Is 554537 a composite number?
True
Is 68671 a composite number?
True
Is 12599 prime?
False
Is 165797 a prime number?
False
Is 338497 a prime number?
True
Is 1236161 a prime number?
True
Is 347147 prime?
False
Is 123191 a composite number?
False
Is 552911 a prime number?
False
Is 159535 a prime number?
False
Is 315853 a composite number?
True
Is 1961 composite?
True
Is 139 composite?
False
Is 25667 prime?
True
Is 7531 composite?
True
Is 12223 prime?
False
Is 131611 a composite number?
False
Is 217199 a composite number?
False
Is 95369 prime?
True
Is 108223 prime?
True
Is 147283 a prime number?
True
Is 285101 composite?
False
Is 925841 a prime number?
False
Is 20663 a prime number?
True
Is 53419 a prime number?
True
Is 23581 composite?
False
Is 230983 a composite number?
True
Is 349603 a prime number?
True
Is 12279 a composite number?
True
Is 256799 a composite number?
False
Is 46862 a prime number?
False
Is 164807 composite?
True
Is 2581 a composite number?
True
Is 165601 composite?
False
Is 189239 composite?
False
Is 2531 a composite number?
False
Is 7057 composite?
False
Is 299 prime?
False
Is 1481 prime?
True
Is 711623 prime?
False
Is 11003 prime?
True
Is 11597 a composite number?
False
Is 1521955 a composite number?
True
Is 322849 composite?
False
Is 46231 a prime number?
False
Is 15487 composite?
True
Is 219265 a composite number?
True
Is 350533 a composite number?
True
Is 6947 a composite number?
False
Is 363245 prime?
False
Is 21923 a composite number?
True
Is 115919 composite?
True
Is 10841 a prime number?
False
Is 5429 a composite number?
True
Is 12713 composite?
False
Is 345721 a prime number?
False
Is 1255893 a prime number?
False
Is 37 a prime number?
True
Is 1391762 a composite number?
True
Is 1741 a composite number?
False
Is 20219 composite?
False
Is 128563 prime?
True
Is 818621 prime?
True
Is 2057113 prime?
True
Is 252614 composite?
True
Is 110311 a composite number?
False
Is 2312429 a prime number?
False
Is 7849 prime?
False
Is 18481 composite?
False
Is 15419 a composite number?
True
Is 213523 a prime number?
True
Is 12011 a composite number?
False
Is 1717 a prime number?
False
Is 136841 a prime number?
True
Is 24197 prime?
True
Is 94049 composite?
False
Is 1204421 prime?
True
Is 5987 a prime number?
True
Is 15071 a composite number?
True
Is 17263 composite?
True
Is 7069 prime?
True
Is 5557 prime?
True
Is 9523 a composite number?
True
Is 26557 a composite number?
False
Is 363445 prime?
False
Is 176923 a prime number?
True
Is 283447 composite?
False
Is 7789 a prime number?
True
Is 29053 composite?
True
Is 13943 a composite number?
True
Is 842 prime?
False
Is 1415563 a prime number?
False
Is 8247 a composite number?
True
Is 77087 prime?
False
Is 650251 composite?
True
Is 79445 a prime number?
False
Is 4143 composite?
True
Is 557683 a prime number?
False
Is 39251 composite?
False
Is 83737 composite?
False
Is 1383 a prime number?
False
Is 1602805 a composite number?
True
Is 37049 a prime number?
True
Is 527 a prime number?
False
Is 267401 prime?
True
Is 1923 prime?
False
Is 154441 a composite number?
True
Is 144107 a prime number?
False
Is 10289 prime?
True
Is 311603 composite?
False
Is 119953 a composite number?
False
Is 24819 a composite number?
True
Is 2579 composite?
False
Is 25667 a prime number?
True
Is 76367 a prime number?
True
Is 41333 prime?
True
Is 8779 prime?
True
Is 21233 composite?
True
Is 151999 composite?
True
Is 306491 a composite number?
False
Is 524893 a prime number?
True
Is 6113 composite?
False
Is 58787 composite?
False
Is 58547 prime?
False
Is 10497 a prime number?
False
Is 325079 composite?
False
Is 9527 prime?
False
Is 74721 a composite number?
True
Is 3295 prime?
False
Is 415397 a composite number?
True
Is 7162 prime?
False
Is 628255 a prime number?
False
Is 33359 a composite number?
False
Is 40693 prime?
True
Is 192263 composite?
False
Is 1053911 composite?
True
Is 7613417 prime?
False
Is 2045 a prime number?
False
Is 1003 prime?
False
Is 138257 a composite number?
True
Is 1049 composite?
False
Is 284851 a composite number?
True
Is 12739 composite?
False
Is 176977 a prime number?
True
Is 6863 prime?
True
Is 473411 a prime number?
True
Is 95963 composite?
True
Is 587 a prime number?
True
Is 17693 composite?
True
Is 480167 composite?
False
Is 45001 composite?
True
Is 1243 prime?
False
Is 18227 a composite number?
True
Is 2087278 prime?
False
Is 298327 a prime number?
True
Is 3119 a composite number?
False
Is 98695 a prime number?
False
Is 64709 prime?
True
Is 31917 a prime number?
False
Is 109157 a composite number?
True
Is 65599 prime?
True
Is 19373 prime?
True
Is 4367 a prime number?
False
Is 10033 composite?
True
Is 187001 a prime number?
False
Is 5623 a prime number?
True
Is 48549 a prime number?
False
Is 47683 composite?
True
Is 579265 prime?
False
Is 5897 a composite number?
False
Is 4791 a prime number?
False
Is 17947 a prime number?
False
Is 87209 a composite number?
True
Is 143549 a composite number?
True
Is 26231 a prime number?
False
Is 60209 a composite number?
False
Is 696091 prime?
False
Is 187541 a prime number?
False
Is 18749 a prime number?
True
Is 23191 composite?
True
Is 1438 a prime number?
False
Is 35755 composite?
True
Is 15427 a composite number?
False
Is 2345495 prime?
False
Is 14137 prime?
False
Is 143609 a prime number?
True
Is 1893 a prime number?
False
Is 1531 composite?
False
Is 1517 a prime number?
False
Is 90331 a composite number?
True
Is 833429 composite?
False
Is 10639 a composite number?
False
Is 14953 a composite number?
True
Is 177 a composite number?
True
Is 9211 a composite number?
True
Is 1295331 a prime number?
False
Is 37166 composite?
True
Is 86847 a composite number?
True
Is 4987 a composite number?
False
Is 27041 a composite number?
True
Is 37153 a prime number?
False
Is 50989 prime?
True
Is 530797 a composite number?
False
Is 6313 composite?
True
Is 35879 a prime number?
True
Is 1097885 a composite number?
True
Is 14621 prime?
True
Is 27403 a composite number?
True
Is 66889 composite?
False
Is 57619 a prime number?
False
Is 373273 composite?
False
Is 6563 a composite number?
False
Is 193423 prime?
True
Is 8285 a prime number?
False
Is 36209 composite?
False
Is 4109 composite?
True
Is 13817 composite?
True
Is 25381 composite?
True
Is 32365 a composite number?
True
Is 14453 a composite number?
True
Is 822113 a composite number?
False
Is 180382 a composite number?
True
Is 4141 prime?
False
Is 23158 composite?
True
Is 2711426 a composite number?
True
Is 27541 composite?
False
Is 1105427 a composite number?
False
Is 110183 composite?
False
Is 9617 a prime number?
False
Is 38939 prime?
False
Is 692503 composite?
True
Is 20939 prime?
True
Is 41573 a composite number?
True
Is 4321 prime?
False
Is 19829 a prime number?
False
Is 181157 prime?
True
Is 236749 a prime number?
True
Is 246621 a prime number?
False
Is 891763 composite?
False
Is 7003 prime?
False
Is 679 composite?
True
Is 312269 a composite number?
False
Is 136423 a prime number?
False
Is 73049 prime?
False
Is 68351 a prime number?
True
Is 36109 a composite number?
False
Is 309619 prime?
False
Is 341195 composite?
True
Is 3181 composite?
False
Is 263 prime?
True
Is 13669 prime?
True
Is 6803 prime?
True
Is 93319 a composite number?
False
Is 191402 prime?
False
Is 229393 a composite number?
False
Is 1519097 composite?
False
Is 1663509 composite?
True
Is 1373 a composite number?
False
Is 900121 prime?
True
Is 440513 composite?
True
Is 20327 prime?
True
Is 112813 a prime number?
False
Is 1492531 prime?
False
Is 36265 composite?
True
Is 293 a prime number?
True
Is 2428213 composite?
False
Is 1761787 a prime num